9 is divided by n*(1 + 0)*(23 + -24)?
17
Let h(i) be the third derivative of i**6/120 - i**5/60 - 3*i**4/8 + i**3/3 + 16*i**2. Let l(d) = 4*d + 14. What is the remainder when h(6) is divided by l(3)?
24
Let z(x) = 196*x**3 + x**2 - 25*x + 12. Calculate the remainder when z(4) is divided by 81.
79
Suppose -7 = -226*m + 225*m. Suppose 0 = -y - g + 6, 3*y + 3*g = m*y - 52. Calculate the remainder when 27 is divided by y.
7
Let a = -625 - -530. Let f = -89 - a. Calculate the remainder when f is divided by 2.
0
Suppose -3*c + 5*c = -4*p + 192, p + 5 = 0. Suppose -14*k + c = -202. Calculate the remainder when 81 is divided by k.
15
Let t = -14001 + 14105. What is the remainder when 1058 is divided by t?
18
Suppose 237 = -2*d + 5*d. Let b = -94941 - -94961. What is the remainder when d is divided by b?
19
Suppose 2*h + 2 = 8. Suppose 31*k + 1 - 807 = 0. What is the remainder when k is divided by h?
2
Let h(l) = 136*l + 3. Let y be h(1). Let a be 10/30 - (y/3 + -1). Let c = a + 84. Calculate the remainder when 155 is divided by c.
38
Let b be 3*(-1 + 6)/5. Suppose w - v = b*v + 16, 3*v = w - 18. Suppose 5*d - 42 = -z + 3, 4*z = -2*d + 18. Calculate the remainder when w is divided by d.
6
Suppose 8*f - 24 = 6*f. Suppose 14*v - 8 = f*v. What is the remainder when (4 - v)/(-1) - -8 is divided by 2?
0
Let b = -3374 - -3414. What is the remainder when 57 is divided by b?
17
Let r = 84 - 53. Suppose 747*t - 748*t + 336 = 0. Calculate the remainder when t is divided by r.
26
Let j(d) be the third derivative of 7*d**4/24 + 3*d**3/2 - 32*d**2. Let c be j(18). Let a = c - 49. What is the remainder when a is divided by 15?
11
Let p(k) = -35*k**3 - 2*k**2 + 8*k - 4. Let s be p(2). Calculate the remainder when 42 is divided by s/(-8)*22/33.
19
Let q = 609 + -157. Let z = -11920 - -11977. Calculate the remainder when q is divided by z.
53
Let p = -68 - -71. Let i be p + (-1)/1 + 1. Suppose -4*j - 5 = -y - 3, 16 = i*y - 2*j. What is the remainder when 21 is divided by y?
3
Let o = 3898 + -2658. Suppose 18*h = 49*h - o. What is the remainder when h is divided by 18?
4
Suppose 5*u + 5*z = 8*u - 2372, 0 = -3*u + z + 2392. What is the remainder when u is divided by 27?
16
Suppose 165 = 42*t - 16467. What is the remainder when 452 is divided by t?
56
Let i be (-156)/104*-6*1. Suppose -q - 5920 = -i*q. Calculate the remainder when q is divided by 57.
56
Let z = 49854 + -24657. What is the remainder when z is divided by 75?
72
Suppose -5*t + 181 = -3*g, 0*g = 4*t - g - 142. Let q(z) = z**2 - 3*z + 19. Calculate the remainder when t is divided by q(3).
16
Let m = 87 + -27. Calculate the remainder when 253 is divided by 5*9/m - 122/(-8).
13
Let h(o) = o**3 + 23*o**2 + 42*o + 20. Let q be h(-21). Suppose 0 = -4*w - 5*u + 41, -u - q = -25. Calculate the remainder when 52 is divided by w.
0
Suppose 341 - 260 = 5*j - 2*u, j = -4*u - 19. Suppose 5*c = -3*z + 131 + 161, 492 = 5*z + 3*c. What is the remainder when z is divided by j?
8
Let u(n) = -2*n**2 + 81 + 56*n - 99 - n**3 - 7*n**2 - 12*n. Calculate the remainder when 427 is divided by u(-13).
83
What is the remainder when 1003 is divided by ((-83)/(-6))/(-6 - 2725/(-450))?
7
Let s(f) = f**3 + 3*f**2 + 5*f - 4. Suppose 7*u = 2*u + 4*l + 39, 0 = -5*u + 2*l + 27. Calculate the remainder when s(3) is divided by u.
2
Let o = -440 + 815. What is the remainder when o is divided by (-18197)/(-186) + 84/112*(-50)/45?
84
What is the remainder when 6047 is divided by (-8)/3*(35 + -44)?
23
Suppose -34*p - 26*p + 38556 = 24*p. What is the remainder when p is divided by 231?
228
Suppose -2*i = -11*o + 9*o + 190, 4*o = 0. Let c = i - -98. Calculate the remainder when 11 is divided by c.
2
Suppose 2*c - 3 = 5, -2*n + 5*c + 26 = 0. Suppose 143 + 92 = 3*d - 2*a, 0 = 5*d + 5*a - 425. What is the remainder when n is divided by (-54)/d + 44/3?
9
Suppose 2*i - 2 = -3*r - 2*i, 5*i + 5 = 0. Let g(u) = u**2 + 4*u - 8. Let h be g(5). Suppose -r - h = -3*o. Calculate the remainder when 51 is divided by o.
12
Let m = 4190 - 4050. What is the remainder when 171 is divided by m?
31
Suppose 4*m - 5*t = 6663, 37*m + 1663 = 38*m - 4*t. What is the remainder when m is divided by 276?
11
Suppose 33*o - 2625 = 12*o - 252. Calculate the remainder when o is divided by 57.
56
Let f(j) = -725*j - 2583. What is the remainder when f(-4) is divided by 89?
50
Let m(d) = 7*d + 7. Let s(k) = 48*k + 50. Let n(t) = -44*m(t) + 6*s(t). Calculate the remainder when 155 is divided by n(-2).
27
Let n = -30 - -79. Calculate the remainder when 218 is divided by ((-96)/21)/(336/n - 7).
26
Let g = -139 - -211. Suppose -4*m + 2*d + d = -100, 75 = 3*m + 4*d. What is the remainder when g is divided by m?
22
Let l = -67 + 77. Suppose 0*d + 4*d = 148. Suppose 2*k + 2*b + 26 = 4*k, 5*b - d = -k. Calculate the remainder when k is divided by l.
7
Suppose n = -6, 0 = 3*m - 15*n + 17*n - 216. What is the remainder when 504 is divided by m?
48
Let g(t) = -t**3 + 3*t**2 - t + 6. Let u = -10 - -14. Let j be g(u). Calculate the remainder when 4 is divided by (-16)/(-28)*3*j/(-12).
0
Calculate the remainder when 3070 is divided by 4 - 362/(-13) - (320/(-52) + 6).
30
Let c(x) = x**3 + 85*x**2 - 5*x - 419. Let g = 27 - 16. What is the remainder when g is divided by c(-85)?
5
Let p(u) = 107*u**2. Let o be p(-1). Let j be (-140)/8 + 2/(-4). Let v = o + j. What is the remainder when v is divided by 15?
14
Suppose -5*f + 1013 = -3*m - 797, 4*f + m - 1431 = 0. What is the remainder when f is divided by (6/5)/((-51)/(-340))?
7
Let p = 1583 - 1465. What is the remainder when p is divided by (-236)/(-6) + 2/3?
38
Suppose -365*x + 56594 + 79234 = -71*x. What is the remainder when x is divided by 222?
18
Suppose -3*z = 3*s - 198, 9*z - 10*z - 3*s = -62. What is the remainder when 374 is divided by z?
34
Suppose -1201 - 932 = 9*z. Let n = z + 257. What is the remainder when 97 is divided by n?
17
Suppose 50 = 6*t - t. Suppose -t = -3*g + 2*g + 3*v, -2*v + 41 = 3*g. Let b(m) = -2*m**2 + 30*m - 25. What is the remainder when b(12) is divided by g?
8
Let t(o) = -15*o**2 - 969*o + 125. Calculate the remainder when t(-61) is divided by 95.
94
Let h(l) = l**3 + l**2 - 5*l + 2. Let x be h(0). Suppose m = 4*c - 4*m - 94, -x*m + 82 = 3*c. Calculate the remainder when 415 is divided by c.
25
Let z be ((-4)/(-2))/(3/(-1281)*-14). Suppose z*d = 52*d + 1449. Calculate the remainder when d is divided by 32.
1
Let x = 184 + -108. Calculate the remainder when x is divided by (-10)/(-40)*(125 - 5/(7 - 2)).
14
Suppose 2*t - 44 = -2*k + t, -5*k = 3*t - 108. Suppose k = 5*j + 2*d - 4*d, -18 = -4*j + 2*d. Calculate the remainder when 100 is divided by (26/j)/(9/54).
22
Suppose 2*g + 19 = -2*c + 5*g, -c + 4*g - 22 = 0. Let h = 46 + c. Calculate the remainder when h is divided by 9.
8
Suppose 5*v + 17 = -4*r + 49, 3*r - 9 = 0. Suppose 6*z - v*q + 54 = 8*z, -5*z - 3*q + 121 = 0. What is the remainder when z is divided by 4/14 - (-54)/7?
7
Suppose 4*x - 4*q = 4612, -5*q = -183*x + 180*x + 3463. What is the remainder when x is divided by 15?
11
Let v = 50 - -16. Let m = -15 + 25. Let q(u) = 3*u - 12. What is the remainder when v is divided by q(m)?
12
Let n(q) = -15447*q**3 - 6*q**2 + 14*q + 19. What is the remainder when n(-1) is divided by 19?
18
Let m(h) = 537*h + 949. Calculate the remainder when m(4) is divided by 155.
152
Let f(q) = 5*q**2 - 5. Suppose 0 - 9 = -o - 2*h, 2*o - 24 = -2*h. Let g be (o/6 + -1)/(8/16). What is the remainder when f(g) is divided by 21?
19
Suppose -43*s + m - 37509 = -45*s, -5*s + m + 93797 = 0. Calculate the remainder when s is divided by 140.
138
Calculate the remainder when (1/(-5) - 3360/(-50)) + 0 is divided by 54.
13
Let d(w) = 476*w + 182350. What is the remainder when d(-383) is divided by (-134)/(-8) - 1/(-4)?
8
Let g(j) be the third derivative of -j**6/120 + j**5/10 - 13*j**4/12 + 113*j**3/6 + 23*j**2 - 2*j. Calculate the remainder when 19 is divided by g(5).
3
Let g = 1110 - 640. Let w = -414 + g. Let j = 88 + -63. Calculate the remainder when w is divided by j.
6
Let m = 148 - 753. Let t = m - -621. What is the remainder when t is divided by 10?
6
Let a = -1096 - -1605. Let w = -134 + 198. Calculate the remainder when a is divided by w.
61
Suppose k = 7*k - 12. Let n(h) = -2*h**2 + 2. L